{"id":261,"date":"2017-10-14T22:38:21","date_gmt":"2017-10-14T20:38:21","guid":{"rendered":"http:\/\/blog.fmi.fi\/ILMApilot\/?page_id=261"},"modified":"2020-12-17T23:46:22","modified_gmt":"2020-12-17T21:46:22","slug":"scicomm","status":"publish","type":"page","link":"https:\/\/blog.fmi.fi\/ILMApilot\/scicomm\/","title":{"rendered":"SciComm"},"content":{"rendered":"<p><span style=\"color: #000000;\"><strong>All my science communication stuff<\/strong><\/span><\/p>\n<p><a href=\"https:\/\/aura.gsfc.nasa.gov\/science\/feature-20181001.html\" target=\"_blank\" rel=\"noopener noreferrer\">Application of sulfur dioxide observations supporting the cleantech industry\u2019s goal of reducing air pollution<\/a><\/p>\n<p>https:\/\/www.youtube.com\/watch?time_continue=2&#038;v=7MS3zr04jOo<\/p>\n<p><span style=\"color: #ff6600;\"><strong>Newspapers<\/strong><\/span><\/p>\n<p><img loading=\"lazy\" decoding=\"async\" class=\"alignleft size-full wp-image-332\" src=\"https:\/\/blog.fmi.fi\/ILMApilot\/wp-content\/uploads\/2017\/10\/Screen-Shot-2017-11-14-at-8.41.43.png\" alt=\"\" width=\"2356\" height=\"716\" srcset=\"https:\/\/blog.fmi.fi\/ILMApilot\/wp-content\/uploads\/2017\/10\/Screen-Shot-2017-11-14-at-8.41.43.png 2356w, https:\/\/blog.fmi.fi\/ILMApilot\/wp-content\/uploads\/2017\/10\/Screen-Shot-2017-11-14-at-8.41.43-300x91.png 300w, https:\/\/blog.fmi.fi\/ILMApilot\/wp-content\/uploads\/2017\/10\/Screen-Shot-2017-11-14-at-8.41.43-768x233.png 768w, https:\/\/blog.fmi.fi\/ILMApilot\/wp-content\/uploads\/2017\/10\/Screen-Shot-2017-11-14-at-8.41.43-1024x311.png 1024w\" sizes=\"(max-width: 767px) 89vw, (max-width: 1000px) 54vw, (max-width: 1071px) 543px, 580px\" \/><\/p>\n<p><a href=\"https:\/\/www.hs.fi\/ulkomaat\/art-2000005445006.html\">https:\/\/www.hs.fi\/ulkomaat\/art-2000005445006.html<\/a><\/p>\n<p><a href=\"https:\/\/interactive.hs.fi\/arkku\/public\/generated\/20131tpilJSR\/\">https:\/\/interactive.hs.fi\/arkku\/public\/generated\/20131tpilJSR\/<\/a><\/p>\n<p><img loading=\"lazy\" decoding=\"async\" class=\"alignleft size-full wp-image-335\" src=\"https:\/\/blog.fmi.fi\/ILMApilot\/wp-content\/uploads\/2017\/10\/Screen-Shot-2017-11-14-at-8.47.07.png\" alt=\"\" width=\"1438\" height=\"1296\" srcset=\"https:\/\/blog.fmi.fi\/ILMApilot\/wp-content\/uploads\/2017\/10\/Screen-Shot-2017-11-14-at-8.47.07.png 1438w, https:\/\/blog.fmi.fi\/ILMApilot\/wp-content\/uploads\/2017\/10\/Screen-Shot-2017-11-14-at-8.47.07-300x270.png 300w, https:\/\/blog.fmi.fi\/ILMApilot\/wp-content\/uploads\/2017\/10\/Screen-Shot-2017-11-14-at-8.47.07-768x692.png 768w, https:\/\/blog.fmi.fi\/ILMApilot\/wp-content\/uploads\/2017\/10\/Screen-Shot-2017-11-14-at-8.47.07-1024x923.png 1024w\" sizes=\"(max-width: 767px) 89vw, (max-width: 1000px) 54vw, (max-width: 1071px) 543px, 580px\" \/><\/p>\n<p><img loading=\"lazy\" decoding=\"async\" class=\"alignleft size-full wp-image-303\" src=\"https:\/\/blog.fmi.fi\/ILMApilot\/wp-content\/uploads\/2017\/10\/WP_20171017_08_26_58_Pro.jpg\" alt=\"\" width=\"1632\" height=\"916\" srcset=\"https:\/\/blog.fmi.fi\/ILMApilot\/wp-content\/uploads\/2017\/10\/WP_20171017_08_26_58_Pro.jpg 1632w, https:\/\/blog.fmi.fi\/ILMApilot\/wp-content\/uploads\/2017\/10\/WP_20171017_08_26_58_Pro-300x168.jpg 300w, https:\/\/blog.fmi.fi\/ILMApilot\/wp-content\/uploads\/2017\/10\/WP_20171017_08_26_58_Pro-768x431.jpg 768w, https:\/\/blog.fmi.fi\/ILMApilot\/wp-content\/uploads\/2017\/10\/WP_20171017_08_26_58_Pro-1024x575.jpg 1024w\" sizes=\"(max-width: 767px) 89vw, (max-width: 1000px) 54vw, (max-width: 1071px) 543px, 580px\" \/><\/p>\n<p><img loading=\"lazy\" decoding=\"async\" class=\"alignleft size-full wp-image-305\" src=\"https:\/\/blog.fmi.fi\/ILMApilot\/wp-content\/uploads\/2017\/10\/WP_20171017_08_48_40_Pro.jpg\" alt=\"\" width=\"1632\" height=\"916\" srcset=\"https:\/\/blog.fmi.fi\/ILMApilot\/wp-content\/uploads\/2017\/10\/WP_20171017_08_48_40_Pro.jpg 1632w, https:\/\/blog.fmi.fi\/ILMApilot\/wp-content\/uploads\/2017\/10\/WP_20171017_08_48_40_Pro-300x168.jpg 300w, https:\/\/blog.fmi.fi\/ILMApilot\/wp-content\/uploads\/2017\/10\/WP_20171017_08_48_40_Pro-768x431.jpg 768w, https:\/\/blog.fmi.fi\/ILMApilot\/wp-content\/uploads\/2017\/10\/WP_20171017_08_48_40_Pro-1024x575.jpg 1024w\" sizes=\"(max-width: 767px) 89vw, (max-width: 1000px) 54vw, (max-width: 1071px) 543px, 580px\" \/><img loading=\"lazy\" decoding=\"async\" class=\"alignleft size-full wp-image-304\" src=\"https:\/\/blog.fmi.fi\/ILMApilot\/wp-content\/uploads\/2017\/10\/WP_20171017_08_42_43_Pro.jpg\" alt=\"\" width=\"1632\" height=\"916\" srcset=\"https:\/\/blog.fmi.fi\/ILMApilot\/wp-content\/uploads\/2017\/10\/WP_20171017_08_42_43_Pro.jpg 1632w, https:\/\/blog.fmi.fi\/ILMApilot\/wp-content\/uploads\/2017\/10\/WP_20171017_08_42_43_Pro-300x168.jpg 300w, https:\/\/blog.fmi.fi\/ILMApilot\/wp-content\/uploads\/2017\/10\/WP_20171017_08_42_43_Pro-768x431.jpg 768w, https:\/\/blog.fmi.fi\/ILMApilot\/wp-content\/uploads\/2017\/10\/WP_20171017_08_42_43_Pro-1024x575.jpg 1024w\" sizes=\"(max-width: 767px) 89vw, (max-width: 1000px) 54vw, (max-width: 1071px) 543px, 580px\" \/><\/p>\n<p><a href=\"https:\/\/www.hs.fi\/ulkomaat\/art-2000005411483.html\">https:\/\/www.hs.fi\/ulkomaat\/art-2000005411483.html<\/a><\/p>\n<p><img loading=\"lazy\" decoding=\"async\" class=\"alignleft size-full wp-image-270\" src=\"https:\/\/blog.fmi.fi\/ILMApilot\/wp-content\/uploads\/2017\/10\/Screen-Shot-2017-10-14-at-23.27.27.png\" alt=\"\" width=\"1702\" height=\"514\" srcset=\"https:\/\/blog.fmi.fi\/ILMApilot\/wp-content\/uploads\/2017\/10\/Screen-Shot-2017-10-14-at-23.27.27.png 1702w, https:\/\/blog.fmi.fi\/ILMApilot\/wp-content\/uploads\/2017\/10\/Screen-Shot-2017-10-14-at-23.27.27-300x91.png 300w, https:\/\/blog.fmi.fi\/ILMApilot\/wp-content\/uploads\/2017\/10\/Screen-Shot-2017-10-14-at-23.27.27-768x232.png 768w, https:\/\/blog.fmi.fi\/ILMApilot\/wp-content\/uploads\/2017\/10\/Screen-Shot-2017-10-14-at-23.27.27-1024x309.png 1024w\" sizes=\"(max-width: 767px) 89vw, (max-width: 1000px) 54vw, (max-width: 1071px) 543px, 580px\" \/><\/p>\n<p><a href=\"https:\/\/www.hs.fi\/kaupunki\/art-2000002927412.html\">https:\/\/www.hs.fi\/kaupunki\/art-2000002927412.html<\/a><\/p>\n<p><img loading=\"lazy\" decoding=\"async\" class=\"alignleft size-full wp-image-274\" src=\"https:\/\/blog.fmi.fi\/ILMApilot\/wp-content\/uploads\/2017\/10\/Screen-Shot-2017-10-14-at-23.33.15.png\" alt=\"\" width=\"1204\" height=\"552\" srcset=\"https:\/\/blog.fmi.fi\/ILMApilot\/wp-content\/uploads\/2017\/10\/Screen-Shot-2017-10-14-at-23.33.15.png 1204w, https:\/\/blog.fmi.fi\/ILMApilot\/wp-content\/uploads\/2017\/10\/Screen-Shot-2017-10-14-at-23.33.15-300x138.png 300w, https:\/\/blog.fmi.fi\/ILMApilot\/wp-content\/uploads\/2017\/10\/Screen-Shot-2017-10-14-at-23.33.15-768x352.png 768w, https:\/\/blog.fmi.fi\/ILMApilot\/wp-content\/uploads\/2017\/10\/Screen-Shot-2017-10-14-at-23.33.15-1024x469.png 1024w\" sizes=\"(max-width: 767px) 89vw, (max-width: 1000px) 54vw, (max-width: 1071px) 543px, 580px\" \/><\/p>\n<p><a href=\"https:\/\/yle.fi\/uutiset\/3-8338674\">https:\/\/yle.fi\/uutiset\/3-8338674<\/a><\/p>\n<p><img loading=\"lazy\" decoding=\"async\" class=\"media-image alignleft\" src=\"https:\/\/pbs.twimg.com\/media\/CwFJ6_JXYAADlqb.jpg:large\" alt=\"\" width=\"483\" height=\"859\" data-height=\"1280\" data-width=\"720\" \/><\/p>\n<p>\u00a0<\/p>\n<p>\u00a0<\/p>\n<p>\u00a0<\/p>\n<p>\u00a0<\/p>\n<p>\u00a0<\/p>\n<p>\u00a0<\/p>\n<p>\u00a0<\/p>\n<p>\u00a0<\/p>\n<p>\u00a0<\/p>\n<p>\u00a0<\/p>\n<p>\u00a0<\/p>\n<p>\u00a0<\/p>\n<p>\u00a0<\/p>\n<p>\u00a0<\/p>\n<p>\u00a0<\/p>\n<p>\u00a0<\/p>\n<p>\u00a0<\/p>\n<p>\u00a0<\/p>\n<p>\u00a0<\/p>\n<p><span style=\"color: #ff6600;\"><strong>FMI press releases\/ science news<\/strong><\/span><\/p>\n<p><span style=\"font-weight: 400;\"><a href=\"https:\/\/www.ilmatieteenlaitos.fi\/tiedote\/1289289278\">Suomen ilmanlaatua kartoitettiin satellliittihavainojen avulla<\/a>\u00a0<\/span><\/p>\n<p><span style=\"font-weight: 400;\"><a href=\"https:\/\/www.ilmatieteenlaitos.fi\/tiedote\/1238719309\">Uuden sukupolven satelliittihavainnoilla saadaan tarkempaa tietoa Helsingin ilmansaasteista<\/a> <\/span><\/p>\n<p><span style=\"font-weight: 400;\"><a href=\"https:\/\/www.ilmatieteenlaitos.fi\/tiedote\/1287349309\">Suomalaiskaupunkien ilmanlaatu on ollut poikkeuksellisen hyv\u00e4\u00e4 koronakev\u00e4\u00e4n\u00e4<\/a><\/span><\/p>\n<p><span style=\"font-weight: 400;\">\u00a0<\/span><a href=\"https:\/\/www.ilmatieteenlaitos.fi\/tiedote\/1259619469\"><span style=\"font-weight: 400;\">Ilman typpidioksidipitoisuudet laskeneet Pohjois-Italiassa<\/span><\/a><\/p>\n<p><span style=\"font-weight: 400;\"><a href=\"https:\/\/www.ilmatieteenlaitos.fi\/uutinen\/4pPYpVvR8q0HVV1XTNYLGp\">Uusi verkkopalvelu kartoittaa Suomen kaupunkien typpidioksidipitoisuuksia satelliittihavaintojen avulla<\/a><\/span><\/p>\n<p>\u00a0<a href=\"https:\/\/ilmatieteenlaitos.fi\/ajankohtaista\/721818133\">Satelliittihavainnot ilmansaasteista tukevat kest\u00e4v\u00e4\u00e4 kehityst\u00e4 ja suomalaista cleantech-sektoria<\/a><\/p>\n<p>\u00a0<a href=\"https:\/\/atmoslehti.fi\/ilmassa\/satelliittimittauksista-ilmanlaatuhavaintoja\/\">Satelliittimittauksista saatavien ilmanlaatuhavaintojen yhteiskunnallinen vaikuttavuus kasvussa<\/a><\/p>\n<p>\u00a0<a href=\"https:\/\/ilmatieteenlaitos.fi\/tiedote\/426786950\">Reaaliaikainen ilmanlaadun seuranta avaruudesta paranee \u2013 Sentinel 5 Precursor -ilmanlaatusatelliitin laukaisu onnistui\u00a0\u00a0<\/a><\/p>\n<p>\u00a0<a href=\"https:\/\/ilmatieteenlaitos.fi\/tiedote\/426785029\">Satelliittimittauksia ilmansaasteista tehty suomalaisvoimin jo 13 vuoden ajan<\/a><\/p>\n<p>\u00a0<a href=\"https:\/\/atmoslehti.fi\/kansainvalisyys\/montrealin-sopimuksen-menestystarina\/\">Kansainv\u00e4lisen ymp\u00e4rist\u00f6nsuojelun menestystarinaksi kasvanut Montrealin p\u00f6yt\u00e4kirja t\u00e4ytt\u00e4\u00e4 30 vuotta<\/a>\u00a0(pictures)<\/p>\n<p><a href=\"https:\/\/ilmatieteenlaitos.fi\/tiedote\/403421082\">Kanadan mets\u00e4palosavuja Euroopassa\u00a0<\/a><\/p>\n<p>\u00a0<a href=\"https:\/\/ilmatieteenlaitos.fi\/tiedote\/366919275\">Kasvihuonekaasujen mittaus avaruudesta kuuma aihe juuri nyt \u2013 alan huippututkijat kokoontuvat ensimm\u00e4ist\u00e4 kertaa Helsingiss\u00e4<\/a><\/p>\n<p>\u00a0<a href=\"https:\/\/ilmatieteenlaitos.fi\/ajankohtaista\/307612022\">Satelliitti-instrumentti havaitsee Euroopan huonon ilmanlaadun<\/a><\/p>\n<p>\u00a0<a href=\"https:\/\/ilmatieteenlaitos.fi\/tiedote\/264746367\">Hiilidioksidip\u00e4\u00e4st\u00f6j\u00e4 vahditaan suoraan avaruudesta<\/a><\/p>\n<p>\u00a0<a href=\"https:\/\/ilmatieteenlaitos.fi\/tiedote\/259743534\">Satelliittihavainnot vahvistavat: Helsingin ilmalaatu paranee viikonloppuisin<\/a><\/p>\n<p>\u00a0<a href=\"https:\/\/ilmatieteenlaitos.fi\/tiedote\/104118636\">Islannin rakopurkauksen rikkidioksidip\u00e4\u00e4st\u00f6t kolme kertaa suuremmat kuin koko Euroopan teollisuuden<\/a><\/p>\n<p>\u00a0<a href=\"https:\/\/ilmatieteenlaitos.fi\/tiedeuutisten-arkisto\/-\/asset_publisher\/1R4q\/content\/satelliitti-havainnot-varmistavat-bar\u00f0arbunga-holuhraun-tulivuoren-paastot-kulkeutuivat-islannista-suomeen-viime-syksyna?redirect=http%3A%2F%2Filmatieteenlaitos.fi%2Ftiedeuutisten-arkisto%3Fp_p_id%3D101_INSTANCE_1R4q%26p_p_lifecycle%3D0%26p_p_state%3Dnormal%26p_p_mode%3Dview%26p_p_col_id%3Dcolumn-2%26p_p_col_count%3D1%26_101_INSTANCE_1R4q_advancedSearch%3Dfalse%26_101_INSTANCE_1R4q_keywords%3D%26_101_INSTANCE_1R4q_delta%3D100%26p_r_p_564233524_resetCur%3Dfalse%26_101_INSTANCE_1R4q_cur%3D2%26_101_INSTANCE_1R4q_andOperator%3Dtrue\">Satelliitti-havainnot varmistavat: B\u00e1r\u00f0arbunga-Holuhraun tulivuoren p\u00e4\u00e4st\u00f6t kulkeutuivat Islannista Suomeen viime syksyn\u00e4<\/a><\/p>\n<p>\u00a0<a href=\"https:\/\/ilmatieteenlaitos.fi\/tiedote\/8417236\">Satelliittihavainnoilla saadaan tietoa kaupunkien ja laivojen p\u00e4\u00e4st\u00f6ist\u00e4 It\u00e4meren alueella<\/a><\/p>\n<p><span style=\"color: #008000;\"><strong>Videos<\/strong><\/span><\/p>\n<p>Avaruusrekka 2017<\/p>\n<p><img loading=\"lazy\" decoding=\"async\" class=\"alignleft size-full wp-image-322\" src=\"https:\/\/blog.fmi.fi\/ILMApilot\/wp-content\/uploads\/2017\/10\/DMaAZlBX0AAg6M0.jpg-large.jpeg\" alt=\"\" width=\"1024\" height=\"768\" srcset=\"https:\/\/blog.fmi.fi\/ILMApilot\/wp-content\/uploads\/2017\/10\/DMaAZlBX0AAg6M0.jpg-large.jpeg 1024w, https:\/\/blog.fmi.fi\/ILMApilot\/wp-content\/uploads\/2017\/10\/DMaAZlBX0AAg6M0.jpg-large-300x225.jpeg 300w, https:\/\/blog.fmi.fi\/ILMApilot\/wp-content\/uploads\/2017\/10\/DMaAZlBX0AAg6M0.jpg-large-768x576.jpeg 768w\" sizes=\"(max-width: 767px) 89vw, (max-width: 1000px) 54vw, (max-width: 1071px) 543px, 580px\" \/><\/p>\n<p>1.9.2017 Montreal protocol 30 v<\/p>\n<p><iframe loading=\"lazy\" title=\"Otsonikerros ja Montrealin p\u00f6yt\u00e4kirja\" width=\"525\" height=\"295\" src=\"https:\/\/www.youtube.com\/embed\/YiUzb8IKHKc?feature=oembed\" frameborder=\"0\" allow=\"accelerometer; autoplay; clipboard-write; encrypted-media; gyroscope; picture-in-picture; web-share\" referrerpolicy=\"strict-origin-when-cross-origin\" allowfullscreen><\/iframe><\/p>\n<p>Arctic Space centre products<\/p>\n<p><iframe loading=\"lazy\" title=\"Arctic Space Centre products\" width=\"525\" height=\"295\" src=\"https:\/\/www.youtube.com\/embed\/DK1BybQFe_Q?feature=oembed\" frameborder=\"0\" allow=\"accelerometer; autoplay; clipboard-write; encrypted-media; gyroscope; picture-in-picture; web-share\" referrerpolicy=\"strict-origin-when-cross-origin\" allowfullscreen><\/iframe><\/p>\n\n\n<div class=\"wp-block-image\"><figure class=\"alignleft\"><img loading=\"lazy\" decoding=\"async\" width=\"1126\" height=\"1202\" src=\"https:\/\/blog.fmi.fi\/ILMApilot\/wp-content\/uploads\/2017\/10\/Screen-Shot-2017-10-25-at-0.06.14.png\" alt=\"\" class=\"wp-image-327\" srcset=\"https:\/\/blog.fmi.fi\/ILMApilot\/wp-content\/uploads\/2017\/10\/Screen-Shot-2017-10-25-at-0.06.14.png 1126w, https:\/\/blog.fmi.fi\/ILMApilot\/wp-content\/uploads\/2017\/10\/Screen-Shot-2017-10-25-at-0.06.14-281x300.png 281w, https:\/\/blog.fmi.fi\/ILMApilot\/wp-content\/uploads\/2017\/10\/Screen-Shot-2017-10-25-at-0.06.14-768x820.png 768w, https:\/\/blog.fmi.fi\/ILMApilot\/wp-content\/uploads\/2017\/10\/Screen-Shot-2017-10-25-at-0.06.14-959x1024.png 959w\" sizes=\"(max-width: 767px) 89vw, (max-width: 1000px) 54vw, (max-width: 1071px) 543px, 580px\" \/><\/figure><\/div>\n","protected":false},"excerpt":{"rendered":"<p>All my science communication stuff Application of sulfur dioxide observations supporting the cleantech industry\u2019s goal of reducing air pollution https:\/\/www.youtube.com\/watch?time_continue=2&#038;v=7MS3zr04jOo Newspapers https:\/\/www.hs.fi\/ulkomaat\/art-2000005445006.html https:\/\/interactive.hs.fi\/arkku\/public\/generated\/20131tpilJSR\/ https:\/\/www.hs.fi\/ulkomaat\/art-2000005411483.html https:\/\/www.hs.fi\/kaupunki\/art-2000002927412.html https:\/\/yle.fi\/uutiset\/3-8338674 \u00a0 \u00a0 \u00a0 \u00a0 \u00a0 \u00a0 \u00a0 \u00a0 \u00a0 \u00a0 \u00a0 \u00a0 \u00a0 \u00a0 \u00a0 \u00a0 \u00a0 \u00a0 \u00a0 FMI press releases\/ science news Suomen ilmanlaatua kartoitettiin satellliittihavainojen avulla\u00a0 &hellip; <\/p>\n<p class=\"link-more\"><a href=\"https:\/\/blog.fmi.fi\/ILMApilot\/scicomm\/\" class=\"more-link\">Continue reading<span class=\"screen-reader-text\"> &#8220;SciComm&#8221;<\/span><\/a><\/p>\n","protected":false},"author":1,"featured_media":0,"parent":0,"menu_order":0,"comment_status":"closed","ping_status":"closed","template":"","meta":{"footnotes":""},"_links":{"self":[{"href":"https:\/\/blog.fmi.fi\/ILMApilot\/wp-json\/wp\/v2\/pages\/261"}],"collection":[{"href":"https:\/\/blog.fmi.fi\/ILMApilot\/wp-json\/wp\/v2\/pages"}],"about":[{"href":"https:\/\/blog.fmi.fi\/ILMApilot\/wp-json\/wp\/v2\/types\/page"}],"author":[{"embeddable":true,"href":"https:\/\/blog.fmi.fi\/ILMApilot\/wp-json\/wp\/v2\/users\/1"}],"replies":[{"embeddable":true,"href":"https:\/\/blog.fmi.fi\/ILMApilot\/wp-json\/wp\/v2\/comments?post=261"}],"version-history":[{"count":37,"href":"https:\/\/blog.fmi.fi\/ILMApilot\/wp-json\/wp\/v2\/pages\/261\/revisions"}],"predecessor-version":[{"id":475,"href":"https:\/\/blog.fmi.fi\/ILMApilot\/wp-json\/wp\/v2\/pages\/261\/revisions\/475"}],"wp:attachment":[{"href":"https:\/\/blog.fmi.fi\/ILMApilot\/wp-json\/wp\/v2\/media?parent=261"}],"curies":[{"name":"wp","href":"https:\/\/api.w.org\/{rel}","templated":true}]}}